hat is the remainder when 9211 is divided by 31?
4
What is the remainder when 5005 is divided by 210?
175
Calculate the remainder when 6731 is divided by 909.
368
Calculate the remainder when 390 is divided by 193.
4
What is the remainder when 111548 is divided by 14?
10
Calculate the remainder when 31386 is divided by 118.
116
What is the remainder when 12554 is divided by 73?
71
What is the remainder when 362777 is divided by 187?
184
Calculate the remainder when 5369 is divided by 992.
409
Calculate the remainder when 7227608 is divided by 106.
104
Calculate the remainder when 152244 is divided by 41.
11
What is the remainder when 2929 is divided by 7?
3
Calculate the remainder when 477645 is divided by 238813.
19
What is the remainder when 434189 is divided by 120?
29
Calculate the remainder when 140750 is divided by 304.
302
What is the remainder when 500778 is divided by 10?
8
What is the remainder when 4123 is divided by 132?
31
Calculate the remainder when 2054 is divided by 408.
14
Calculate the remainder when 7072 is divided by 25.
22
Calculate the remainder when 2591105 is divided by 26.
23
Calculate the remainder when 18408 is divided by 180.
48
What is the remainder when 2619 is divided by 49?
22
What is the remainder when 38531 is divided by 35?
31
Calculate the remainder when 160872 is divided by 1297.
44
Calculate the remainder when 69442 is divided by 288.
34
Calculate the remainder when 2305873 is divided by 1074.
1069
What is the remainder when 2986 is divided by 419?
53
Calculate the remainder when 1236615 is divided by 46.
43
Calculate the remainder when 1440391 is divided by 48013.
1
What is the remainder when 98690 is divided by 230?
20
What is the remainder when 121598 is divided by 28?
22
Calculate the remainder when 2126 is divided by 388.
186
Calculate the remainder when 905134 is divided by 218.
216
Calculate the remainder when 461566 is divided by 153853.
7
Calculate the remainder when 101 is divided by 24.
5
What is the remainder when 5656 is divided by 59?
51
Calculate the remainder when 3839 is divided by 1906.
27
Calculate the remainder when 1387605 is divided by 13.
11
What is the remainder when 3444 is divided by 15?
9
Calculate the remainder when 59 is divided by 34.
25
Calculate the remainder when 56243 is divided by 109.
108
Calculate the remainder when 507665 is divided by 3.
2
What is the remainder when 183453 is divided by 364?
361
What is the remainder when 1432 is divided by 303?
220
Calculate the remainder when 6383 is divided by 1664.
1391
What is the remainder when 8717 is divided by 40?
37
Calculate the remainder when 1140001 is divided by 206.
203
Calculate the remainder when 1652 is divided by 520.
92
What is the remainder when 43552 is divided by 990?
982
What is the remainder when 250117 is divided by 3969?
70
What is the remainder when 3866 is divided by 145?
96
What is the remainder when 896676 is divided by 362?
2
What is the remainder when 33017 is divided by 10?
7
Calculate the remainder when 1588 is divided by 13.
2
What is the remainder when 29207 is divided by 24?
23
Calculate the remainder when 6122 is divided by 195.
77
Calculate the remainder when 12309 is divided by 21.
3
What is the remainder when 6199 is divided by 622?
601
What is the remainder when 799944 is divided by 15?
9
Calculate the remainder when 6470 is divided by 433.
408
Calculate the remainder when 27260 is divided by 128.
124
What is the remainder when 530 is divided by 327?
203
What is the remainder when 1304814 is divided by 13881?
0
Calculate the remainder when 16323 is divided by 38.
21
What is the remainder when 37923 is divided by 826?
753
Calculate the remainder when 166181 is divided by 20771.
13
Calculate the remainder when 319265 is divided by 14.
9
Calculate the remainder when 3463 is divided by 1688.
87
What is the remainder when 75996 is divided by 125?
121
Calculate the remainder when 54134 is divided by 202.
200
What is the remainder when 2246991 is divided by 272?
271
Calculate the remainder when 36150 is divided by 255.
195
Calculate the remainder when 39899 is divided by 307.
296
What is the remainder when 157493 is divided by 35?
28
Calculate the remainder when 2473 is divided by 1195.
83
What is the remainder when 9130 is divided by 833?
800
Calculate the remainder when 2816 is divided by 12.
8
What is the remainder when 9622 is divided by 686?
18
Calculate the remainder when 71013 is divided by 5462.
7
Calculate the remainder when 1131 is divided by 271.
47
What is the remainder when 46320 is divided by 102?
12
Calculate the remainder when 9906 is divided by 34.
12
Calculate the remainder when 3454 is divided by 191.
16
What is the remainder when 16913 is divided by 247?
117
What is the remainder when 162862 is divided by 32571?
7
Calculate the remainder when 30740 is divided by 19.
17
What is the remainder when 2627 is divided by 842?
101
Calculate the remainder when 346005 is divided by 94.
85
What is the remainder when 15501 is divided by 33?
24
Calculate the remainder when 1353 is divided by 35.
23
Calculate the remainder when 1889 is divided by 925.
39
What is the remainder when 22258 is divided by 20?
18
What is the remainder when 14167 is divided by 119?
6
Calculate the remainder when 790142 is divided by 787.
781
What is the remainder when 193718 is divided by 38?
32
Calculate the remainder when 1554 is divided by 641.
272
Calculate the remainder when 1221626 is divided by 141.
2
Calculate the remainder when 12137 is divided by 51.
50
What is the remainder when 7750283 is divided by 4?
3
What is the remainder when 20429 is divided by 21?
17
What is the remainder when 839934 is divided by 272?
270
Calculate the remainder when 26551 is divided by 557.
372
Calculate the remainder when 57728 is divided by 2395.
248
Calculate the remainder when 1629495 is divided by 338.
335
Calculate the remainder when 28508 is divided by 75.
8
What is the remainder when 413743 is divided by 24337?
14
Calculate the remainder when 986 is divided by 293.
107
Calculate the remainder when 1045693 is divided by 64.
61
Calculate the remainder when 35020 is divided by 82.
6
What is the remainder when 116774 is divided by 266?
0
What is the remainder when 124773 is divided by 36?
33
What is the remainder when 25251 is divided by 178?
153
What is the remainder when 632680 is divided by 469?
468
What is the remainder when 2990 is divided by 285?
140
What is the remainder when 8244 is divided by 2685?
189
What is the remainder when 6558566 is divided by 135?
131
What is the remainder when 1291025 is divided by 66?
65
What is the remainder when 66326 is divided by 948?
914
What is the remainder when 41726 is divided by 64?
62
What is the remainder when 983 is divided by 53?
29
What is the remainder when 240013 is divided by 89?
69
Calculate the remainder when 3981 is divided by 517.
362
Calculate the remainder when 12584 is divided by 12.
8
What is the remainder when 67198 is divided by 7?
5
Calculate the remainder when 77866 is divided by 63.
61
What is the remainder when 21719 is divided by 318?
95
What is the remainder when 13059 is divided by 4291?
186
Calculate the remainder when 1104744 is divided by 31.
28
Calculate the remainder when 439813 is divided by 9561.
7
Calculate the remainder when 30100 is divided by 9977.
169
What is the remainder when 1886684 is divided by 15?
14
What is the remainder when 18689 is divided by 108?
5
Calculate the remainder when 4965 is divided by 265.
195
What is the remainder when 5118 is divided by 16?
14
Calculate the remainder when 8572 is divided by 103.
23
Calculate the remainder when 901 is divided by 418.
65
What is the remainder when 107260 is divided by 419?
415
Calculate the remainder when 37566 is divided by 18714.
138
What is the remainder when 63915 is divided by 5?
0
Calculate the remainder when 521665 is divided by 12723.
22
Calculate the remainder when 37159 is divided by 287.
136
What is the remainder when 1069318 is divided by 534659?
0
What is the remainder when 181785 is divided by 957?
912
What is the remainder when 9346 is divided by 2333?
14
Calculate the remainder when 5331 is divided by 296.
3
Calculate the remainder when 2458509 is divided by 24.
21
Wh